t is the greatest common divisor of 23 and 1081?
23
Calculate the greatest common factor of 3012 and 12.
12
What is the highest common factor of 265 and 10?
5
What is the highest common factor of 59 and 53513?
59
Calculate the highest common divisor of 3794 and 14.
14
Calculate the highest common factor of 203 and 42.
7
Calculate the highest common divisor of 20279 and 7.
7
What is the greatest common factor of 76 and 20?
4
Calculate the greatest common divisor of 132 and 12804.
132
Calculate the highest common factor of 101 and 1717.
101
Calculate the highest common divisor of 2912 and 182.
182
What is the greatest common divisor of 99 and 3685?
11
Calculate the highest common factor of 616 and 7.
7
Calculate the highest common divisor of 592 and 784.
16
Calculate the greatest common factor of 280 and 80.
40
What is the highest common divisor of 33 and 3707?
11
Calculate the greatest common divisor of 64 and 288.
32
Calculate the greatest common factor of 2923 and 111.
37
Calculate the highest common divisor of 84 and 518.
14
Calculate the greatest common factor of 620 and 40.
20
What is the highest common factor of 339 and 1?
1
Calculate the greatest common divisor of 19 and 76.
19
Calculate the greatest common divisor of 2 and 1545.
1
Calculate the highest common factor of 85 and 230.
5
Calculate the highest common divisor of 1296 and 5040.
144
Calculate the highest common divisor of 12 and 508.
4
Calculate the highest common divisor of 3 and 7.
1
Calculate the highest common divisor of 943 and 92.
23
What is the greatest common factor of 642 and 18190?
214
Calculate the greatest common factor of 1159 and 1281.
61
Calculate the greatest common factor of 12 and 1164.
12
What is the greatest common divisor of 434 and 35?
7
What is the highest common factor of 465 and 450?
15
Calculate the highest common factor of 152 and 3572.
76
What is the highest common factor of 111 and 407?
37
What is the greatest common factor of 17653 and 127?
127
What is the greatest common factor of 2475 and 66?
33
What is the greatest common divisor of 4298 and 70?
14
What is the highest common factor of 20 and 52?
4
Calculate the highest common factor of 2961 and 63.
63
What is the greatest common factor of 92 and 299?
23
Calculate the highest common factor of 2915 and 220.
55
Calculate the highest common divisor of 11 and 25861.
11
What is the greatest common factor of 512 and 320?
64
Calculate the greatest common factor of 265 and 53.
53
Calculate the highest common divisor of 72 and 648.
72
Calculate the greatest common divisor of 150 and 125.
25
Calculate the greatest common divisor of 3612 and 228.
12
Calculate the highest common factor of 3 and 2.
1
What is the greatest common factor of 13 and 11947?
13
Calculate the highest common factor of 39 and 6240.
39
Calculate the highest common factor of 73 and 1168.
73
What is the greatest common factor of 180 and 252?
36
What is the greatest common divisor of 480 and 45?
15
What is the greatest common factor of 9 and 1875?
3
What is the highest common factor of 910 and 98?
14
What is the greatest common factor of 130 and 10?
10
What is the highest common divisor of 1008 and 2464?
112
Calculate the highest common factor of 44 and 539.
11
What is the greatest common factor of 2 and 832?
2
Calculate the greatest common divisor of 494 and 304.
38
What is the greatest common factor of 1118 and 26?
26
What is the highest common divisor of 1410 and 330?
30
Calculate the greatest common factor of 50 and 18125.
25
What is the greatest common divisor of 1078 and 22?
22
Calculate the highest common factor of 60 and 30.
30
Calculate the highest common divisor of 344 and 43.
43
What is the greatest common divisor of 648 and 96?
24
What is the greatest common divisor of 1620 and 495?
45
What is the greatest common divisor of 6398 and 14?
14
What is the highest common divisor of 1424 and 496?
16
What is the highest common factor of 640 and 200?
40
Calculate the highest common divisor of 1749 and 11.
11
What is the highest common factor of 32 and 5?
1
What is the greatest common factor of 162 and 36?
18
What is the highest common divisor of 616 and 176?
88
What is the greatest common factor of 5858 and 638?
58
What is the highest common divisor of 1219 and 23?
23
What is the highest common factor of 1010 and 450?
10
What is the greatest common divisor of 8088 and 18?
6
What is the highest common factor of 22 and 165?
11
What is the highest common factor of 2 and 373?
1
What is the highest common factor of 901 and 544?
17
Calculate the greatest common divisor of 23 and 2.
1
What is the highest common factor of 63 and 14?
7
What is the highest common factor of 459 and 51?
51
Calculate the greatest common divisor of 276 and 345.
69
Calculate the highest common factor of 335 and 1273.
67
What is the greatest common divisor of 1735 and 45?
5
Calculate the highest common divisor of 129 and 102813.
129
What is the highest common divisor of 360 and 40?
40
What is the greatest common factor of 6 and 1194?
6
Calculate the greatest common factor of 13 and 377.
13
Calculate the highest common factor of 4 and 14.
2
Calculate the highest common divisor of 84 and 28.
28
Calculate the greatest common divisor of 3 and 285.
3
What is the highest common divisor of 324 and 207?
9
Calculate the highest common factor of 35 and 3745.
35
What is the greatest common factor of 46 and 16?
2
What is the highest common factor of 90 and 1290?
30
What is the greatest common factor of 180 and 16704?
36
What is the highest common divisor of 1457 and 93?
31
Calculate the highest common divisor of 1909 and 368.
23
What is the highest common divisor of 3623 and 1?
1
Calculate the greatest common factor of 837 and 864.
27
Calculate the highest common factor of 52 and 5694.
26
What is the highest common factor of 7744 and 1584?
176
What is the highest common factor of 156 and 192?
12
Calculate the greatest common factor of 32 and 16.
16
Calculate the highest common divisor of 567 and 252.
63
What is the greatest common factor of 11487 and 21?
21
Calculate the greatest common divisor of 9052 and 496.
124
Calculate the highest common factor of 17 and 1275.
17
What is the highest common factor of 286 and 66?
22
What is the highest common divisor of 17730 and 150?
30
Calculate the highest common factor of 11508 and 36.
12
Calculate the highest common divisor of 9 and 3.
3
Calculate the greatest common divisor of 1054 and 558.
62
Calculate the highest common divisor of 120 and 744.
24
What is the greatest common factor of 12 and 129?
3
What is the highest common divisor of 54 and 2214?
54
What is the highest common divisor of 22 and 33?
11
What is the highest common divisor of 74 and 6919?
37
What is the highest common divisor of 22 and 88?
22
What is the highest common divisor of 224 and 288?
32
What is the greatest common divisor of 82 and 246?
82
Calculate the highest common divisor of 24 and 21.
3
Calculate the highest common factor of 70 and 105.
35
What is the greatest common divisor of 14 and 1253?
7
Calculate the highest common divisor of 25602 and 816.
102
What is the greatest common divisor of 7 and 16639?
7
What is the greatest common divisor of 11 and 2?
1
Calculate the greatest common divisor of 44 and 8.
4
What is the greatest common divisor of 196 and 350?
14
Calculate the greatest common factor of 32 and 12288.
32
Calculate the greatest common divisor of 170 and 310.
10
What is the highest common divisor of 8550 and 90?
90
Calculate the greatest common divisor of 11 and 451.
11
What is the greatest common factor of 14 and 7?
7
What is the highest common divisor of 132 and 336?
12
Calculate the highest common divisor of 96 and 1488.
48
What is the greatest common divisor of 7889 and 46?
23
What is the greatest common factor of 11178 and 276?
138
Calculate the highest common factor of 36 and 468.
36
What is the greatest common factor of 1088 and 1952?
32
What is the greatest common divisor of 184 and 56?
8
Calculate the greatest common factor of 728 and 1248.
104
Calculate the greatest common factor of 896 and 1216.
64
What is the greatest common factor of 70 and 230?
10
What is the highest common divisor of 322 and 112?
14
What is the highest common fact